 137
Let c(s) be the first derivative of -55*s**2 - 130*s - 16. List the prime factors of c(-5).
2, 3, 5, 7
List the prime factors of 30*((-2856)/(-18) - 10).
2, 5, 223
Suppose -4*u = 4*k - 15268, -242*k + 247*k - 5*u = 19045. List the prime factors of k.
3, 31, 41
What are the prime factors of (-17135)/(-1) - 143/(-39)*-3?
2, 3, 1427
Let q(t) = -t**3 - 68 + 24*t**2 + 22 - 29*t + 36. List the prime factors of q(22).
2, 5
Suppose 226 = -g - 5*d, 0 = 23*g - 27*g - 3*d - 853. Let c be -3 + 4 - 938/2. Let w = g - c. What are the prime factors of w?
257
Suppose -4*l + 18698 = 1510. Let r = 6046 - l. List the prime factors of r/27 - (-4)/18.
5, 13
Let y(m) be the third derivative of -m**6/120 + 3*m**5/20 + 3*m**4/8 + 3*m**3/2 - 26*m**2. Let w be y(10). List the prime factors of (105/(-10))/(w - 10/(-12)).
3, 7
Suppose 2*i = 5*i - 12, 0 = y - i. Suppose 8 = -y*t, 5*d + 182 = 7*t - 3*t. Let k = d + 143. List the prime factors of k.
3, 5, 7
Suppose 2*a - 306 = 8*a. Let p = a - -36. List the prime factors of (7/3)/(5/p)*-16.
2, 7
Let r be ((-19)/2)/(18/(-36)). Let i(s) = -s**2 - 38*s + 20 + 37*s - r*s. List the prime factors of i(-18).
2, 7
Let r(z) = -5*z**2 - 1. Let m(f) be the second derivative of -19*f**4/12 - 2*f**2 - 9*f. Let o(t) = 2*m(t) - 9*r(t). List the prime factors of o(-2).
29
Suppose 786 = -3*v - 3*s, 512 = -2*v - 0*s + 2*s. Let y = v + 418. What are the prime factors of y + 1 + 0 + 0?
2, 5
Suppose 3*s - 3227 = -2*u, 2175 + 1047 = 3*s + 3*u. Suppose 0 = 3*i + 4*b - 2566, 4*i + 4*b - 2341 - s = 0. What are the prime factors of i?
2, 7, 61
Let g = 31397 + -12265. What are the prime factors of g?
2, 4783
Suppose -h + 6*h - 2632 = 4*z, -2*h - 4*z = -1036. Suppose 5*u - 1459 = -h. What are the prime factors of u?
11, 17
Suppose 0 = 2*h + 2*u + 116, 245 = h - 6*h + 4*u. Let s be -13 + 396/30 - (971/5 - -3). Let c = h - s. List the prime factors of c.
2, 3
Let z be 4 + 0/(-3 - -2). Suppose 6*y - z*y = 8. Suppose -b + 41 = -y*t, 4*b - 4*t + 16 = 132. List the prime factors of b.
5
Let n(s) = -2*s + 2. Let d be n(-1). Suppose 4*g - 6*h + d*h = 0, 5*g - 3*h + 2 = 0. What are the prime factors of g?
2
Let z = 94 - 79. Suppose -2*x - z + 5 = 0. Let u(j) = -33*j - 37. What are the prime factors of u(x)?
2
Let a(o) = 7*o - 2. Let v = -40 - -41. Let y be a(v). Suppose 0 = -4*w - 2*g + 138, 249 - 39 = 5*w - y*g. List the prime factors of w.
37
Let f be 0 - (-20)/(9/((-9)/2)). Let r = f - -154. What are the prime factors of r?
2, 3
Let a = -503 + 731. Suppose 0 = d - 87 + a. What are the prime factors of d/(-329) + (1926/14 - 0)?
2, 3, 23
Let v(q) = -2964*q + 29. Let o be v(-4). Suppose 4456 = -23*r + o. What are the prime factors of r?
17, 19
Let o be (438/90 - 1) + (-2)/(-15). Suppose -2*r = o*b + 742, 0*r - 914 = 5*b - 2*r. Let f = b + 263. What are the prime factors of f?
79
Let b(z) = 2922*z**2 - 22*z + 81. What are the prime factors of b(3)?
3, 7, 179
Let l(f) = -3*f**2 - 29*f + 31. Let g be l(-20). Let p = 824 + g. List the prime factors of p.
5, 47
List the prime factors of ((-55400)/24)/(9/(-108)).
2, 5, 277
Suppose 3*j = 5*b + 107, 0*b + 5*b = 4*j - 111. Let r(w) = -13*w + 46. What are the prime factors of r(b)?
293
Let a(u) be the first derivative of -u**3/3 + 6*u**2 + 22*u + 12. Let z be a(14). What are the prime factors of (-40)/(-4 - z/3)?
2, 5
Let l(x) = -45*x - 27. Let b(r) = -23*r - 13. Let q(j) = 11*b(j) - 6*l(j). Let h be q(-10). Let k = h - -339. What are the prime factors of k?
2, 47
Suppose -8*l = l - 10530. Suppose 2*v - 6 = 0, l = -0*b + 3*b + 3*v. List the prime factors of b.
3, 43
Suppose 32*k - 49*k + 799 = 0. Suppose 17460 = -k*b + 59*b. What are the prime factors of b?
3, 5, 97
Suppose 7*y = y + 6936. Suppose 5*v - t - 1372 = 1518, 2*v = -t + y. List the prime factors of v.
2, 17
Let p(i) = 4352*i**2 - 21*i + 20. List the prime factors of p(1).
19, 229
Let v(n) = -n**3 + 2*n**2 + 3*n - 474. Let g(o) = -2*o**3 + 6*o**2 + 5*o - 947. Let j(y) = 2*g(y) - 5*v(y). List the prime factors of j(0).
2, 7, 17
List the prime factors of (1238/5)/(4/320).
2, 619
Suppose -3*h + 901409 = 54*h - 14*h. List the prime factors of h.
20963
Suppose -328*x + 74008 = -317*x. What are the prime factors of x?
2, 29
Let a = 1007 + 716. Suppose m - 495 = -5*s + a, s - 437 = 2*m. List the prime factors of s.
443
Let j(o) = 41*o**3 - 10*o**2 - 5*o + 5. Let v be j(5). Suppose 167 = -4*d + 3*z + v, -2*d + 2*z = -2344. What are the prime factors of d?
2, 293
Let a = -808 - -577. Let y = -105 - a. List the prime factors of y.
2, 3, 7
Suppose 2147*g = 2016*g + 4534041. What are the prime factors of g?
3, 83, 139
Let u be (24/18)/(4*(-1)/(-18)). Suppose -y - 276 = -3*b, u*y - 184 = -2*b + 9*y. What are the prime factors of b?
2, 23
Suppose -17*b + 157223 + 41221 = 40565. What are the prime factors of b?
37, 251
Let b = 352 - 2242. Let w = 2674 + b. What are the prime factors of w?
2, 7
Let k = 515 - 464. Let j = k + 638. List the prime factors of j.
13, 53
Suppose 0*k - 10*k + 960 = 0. Suppose k*x - 5764 = 85*x. What are the prime factors of x?
2, 131
Let p(m) = 364*m - 287. Let q(j) = 182*j - 145. Let t(a) = 2*p(a) - 5*q(a). List the prime factors of t(-8).
1607
Suppose -10*o = -31*o - 11*o + 197024. List the prime factors of o.
47, 131
Let f(c) = 2*c + 21 + 18 - 7. Let m be f(-15). Suppose 0 = -4*a + 3*p + m*p + 264, 3*p = 0. List the prime factors of a.
2, 3, 11
Let k = 10 + 2. List the prime factors of (18/k)/((-3)/(-214)).
107
Let g be (-28 + 4/(-2))*17304/(-126). Suppose -5*k + g = 6*a - 3*a, 3296 = 4*k + 3*a. List the prime factors of k.
2, 103
Suppose 0 = -210*t + 1585508 + 888082. What are the prime factors of t?
11779
Let d(j) be the second derivative of -11*j**4/8 + 17*j**3/6 + 47*j**2/2 - 4*j. Let s(z) be the first derivative of d(z). What are the prime factors of s(-4)?
149
Suppose 5*u - 4*g - 84840 = 0, 5*u + g - 106574 = -21709. List the prime factors of u.
2, 4243
Let s(y) = y**3 - 9*y**2 + 2*y - 13. Let x be s(9). Suppose -z = -x*u + 721, 5*u + 4*z - 2*z = 733. List the prime factors of u.
5, 29
What are the prime factors of (7/3)/((-945)/(-1202445))?
2969
Let d = 19550 - 6538. What are the prime factors of d?
2, 3253
Let d(i) = 79*i**2 - 31*i + 185. What are the prime factors of d(7)?
11, 349
List the prime factors of (708695/62 + 20/(-310))*2.
22861
Let o = -122 - -136. Let p = 1 + 10. List the prime factors of (o - p)/((-2)/(-118)).
3, 59
List the prime factors of (-2040)/(-306)*9978/8.
5, 1663
Let q(u) = 28*u + 2 + 16 + 2. Let j be q(10). Suppose -4*g + 2 = 3*x - 198, 3*g + j = 4*x. What are the prime factors of x?
2, 3
Suppose -14*g - 5310486 = -200*g. What are the prime factors of g?
3, 31, 307
Suppose 4*v - 3053 = 2*y - y, 2*v = -4*y + 1522. Suppose -v = -q - 4*o, -5*q + 3*o + 3731 = 2*o. What are the prime factors of q?
3, 83
Let b(m) = 4*m**3 - 6*m**2 - 13*m + 39. Let v be 3/(-8) - 344/(-64). What are the prime factors of b(v)?
2, 3
List the prime factors of ((-26)/4)/(7/(-175406)*17).
11, 13, 67
Let r(p) = -3*p**3 - 54*p**2 - 319*p + 61. List the prime factors of r(-33).
23, 2591
Let r(j) = j**2 - 5*j + 7. Let k be r(3). Let x be -2*k/(-10) + (-3)/15. Let g(z) = -z**3 - z + 67. List the prime factors of g(x).
67
Let m(g) = -3*g**3 + 11*g**2 + 4*g - 19. Let v(h) = -8*h**3 + 33*h**2 + 11*h - 59. Let i(l) = -11*m(l) + 4*v(l). List the prime factors of i(-8).
3, 5, 11
Let m(u) = 1377*u + 227. What are the prime factors of m(7)?
2, 4933
Suppose -5*b - 14*z = -9*z - 100, -58 = -3*b - 4*z. Suppose -b*i + 4039 = -207. List the prime factors of i.
193
Suppose 6 = -2*b - 6. Let o be (-30)/((b/(-5))/(-3)). Let w = 203 - o. List the prime factors of w.
2
Suppose 26*j - 12 = 23*j. Let b(t) = -2*t + 8. Let o be b(j). Suppose 4*w = -o*w - 4, 5*w + 253 = 4*s. What are the prime factors of s?
2, 31
Let x(y) = y**3 - 5*y**2 + 3*y + 8. Let j be x(4). Suppose -2*i = -2*m + 2402, j*m + i - 4816 = 2*i. List the prime factors of m.
5, 241
What are the prime factors of -10 - (-2092 - (-36)/(-3))?
2, 3, 349
Let g(x) = -4*x**2 + 82*x + 59. Let r(m) = 3*m**2 - 55*m - 39. Let v(l) = -5*g(l) - 7*r(l). Let y be v(-18). Let t = y + -27. List the prime factors of t.
7, 11
What are the prime factors of (-4)/(-1*40/23330)?
2333
Suppose 4*p - 59723 = 4*a - 22963, -